{"id":360,"date":"2019-11-28T11:49:45","date_gmt":"2019-11-28T14:49:45","guid":{"rendered":"http:\/\/www.verdeplaza.com.br\/hotelemlivramento\/?page_id=360"},"modified":"2019-11-28T11:49:45","modified_gmt":"2019-11-28T14:49:45","slug":"estacionamento","status":"publish","type":"page","link":"https:\/\/portalhotel.com.br\/hospedagem\/estacionamento\/","title":{"rendered":"Estacionamento"},"content":{"rendered":"\n<p>Na estrutura do hotel dispomos de tr\u00eas garagens monitoradas 24h com 88 vagas no total.<\/p>\n\n\n\n<p>Quando necess\u00e1rio aluga-se um local tercerizado localizado a 200m do Verde Plaza Hotel.<\/p>\n\n\n\n<p>A garagem \u00e9 rotativa, para sua seguran\u00e7a entregue a chave do seu carro na recep\u00e7\u00e3o ou para o garagista.<\/p>\n\n\n\n<p>Nossa equipe providenciar\u00e1 estacionamento na garagem coberta. Cada apartamento tem direito a uma vaga no estacionamento, com uma taxa di\u00e1ria.&nbsp;<\/p>\n","protected":false},"excerpt":{"rendered":"<p>Na estrutura do hotel dispomos de tr\u00eas garagens monitoradas 24h com 88 vagas no total. Quando necess\u00e1rio aluga-se um local tercerizado localizado a 200m do Verde Plaza Hotel. A garagem \u00e9 rotativa, para sua seguran\u00e7a entregue a chave do seu carro na recep\u00e7\u00e3o ou para o garagista. Nossa equipe providenciar\u00e1 estacionamento na garagem coberta. Cada [&hellip;]<\/p>\n","protected":false},"author":1,"featured_media":0,"parent":0,"menu_order":0,"comment_status":"closed","ping_status":"closed","template":"","meta":{"_monsterinsights_skip_tracking":false,"_monsterinsights_sitenote_active":false,"_monsterinsights_sitenote_note":"","_monsterinsights_sitenote_category":0,"footnotes":""},"class_list":["post-360","page","type-page","status-publish","hentry"],"aioseo_notices":[],"_links":{"self":[{"href":"https:\/\/portalhotel.com.br\/hospedagem\/wp-json\/wp\/v2\/pages\/360","targetHints":{"allow":["GET"]}}],"collection":[{"href":"https:\/\/portalhotel.com.br\/hospedagem\/wp-json\/wp\/v2\/pages"}],"about":[{"href":"https:\/\/portalhotel.com.br\/hospedagem\/wp-json\/wp\/v2\/types\/page"}],"author":[{"embeddable":true,"href":"https:\/\/portalhotel.com.br\/hospedagem\/wp-json\/wp\/v2\/users\/1"}],"replies":[{"embeddable":true,"href":"https:\/\/portalhotel.com.br\/hospedagem\/wp-json\/wp\/v2\/comments?post=360"}],"version-history":[{"count":0,"href":"https:\/\/portalhotel.com.br\/hospedagem\/wp-json\/wp\/v2\/pages\/360\/revisions"}],"wp:attachment":[{"href":"https:\/\/portalhotel.com.br\/hospedagem\/wp-json\/wp\/v2\/media?parent=360"}],"curies":[{"name":"wp","href":"https:\/\/api.w.org\/{rel}","templated":true}]}}