{"id":333,"date":"2019-11-28T11:38:28","date_gmt":"2019-11-28T14:38:28","guid":{"rendered":"http:\/\/www.verdeplaza.com.br\/hotelemlivramento\/?page_id=333"},"modified":"2025-11-27T17:11:24","modified_gmt":"2025-11-27T20:11:24","slug":"academia","status":"publish","type":"page","link":"https:\/\/portalhotel.com.br\/hospedagem\/academia\/","title":{"rendered":"Academia"},"content":{"rendered":"\n<figure class=\"wp-block-embed is-type-video is-provider-facebook wp-block-embed-facebook\"><div class=\"wp-block-embed__wrapper\">\nhttps:\/\/www.facebook.com\/mpfit432\/videos\/164809457783441\n<\/div><\/figure>\n\n\n\n<p>O Hotel Portal e a academia MP Fit t\u00eam uma super novidade para voc\u00ea!\u00a0<\/p>\n\n\n\n<p>Vai passar alguns dias na Fronteira e se hospedar em um dos hot\u00e9is do grupo e n\u00e3o quer deixar de lado sua rotina de exerc\u00edcios? Agora o Hotel Portal, em parceria com a melhor academia da fronteira, a\u00a0<a href=\"https:\/\/www.facebook.com\/mpfit432\/?fref=mentions\">Academia MP Fit<\/a>, disponibiliza o espa\u00e7o para voc\u00ea h\u00f3spede, de forma gratuita, basta solicitar na recep\u00e7\u00e3o.\u00a0<\/p>\n\n\n\n<p>A&nbsp;<a href=\"https:\/\/www.facebook.com\/mpfit432\/?fref=mentions\">Academia MP Fit<\/a>&nbsp;\u00e9 academia mais completa da fronteira, dispondo da melhor estrutura, aparelhos de ponta, acompanhamento personalizado e aulas super animadas. Al\u00e9m da muscula\u00e7\u00e3o, s\u00e3o mais de 16 modalidades e aulas livres, t\u00eam Fit Dance, Pilates, Yoga, Jump, melhor idade, Power Dance, Muay thai e muito mais.&nbsp;<\/p>\n\n\n\n<p>A academia disp\u00f5e de profissionais qualificados em todos os hor\u00e1rios para auxiliar o aluno de acordo com suas necessidades, em todas as atividades com um atendimento personalizado. Disp\u00f5e ainda de um espa\u00e7o kids, tamb\u00e9m com acompanhamento de profissionais para deixar o seu pequeno em quanto malha, entretanto o uso do espa\u00e7o requer pagamento de uma taxa diretamente na academia.<\/p>\n\n\n\n<p>Est\u00e1 de passagem na fronteira no fim de semana e feriado e quer fazer alguma atividade f\u00edsica? N\u00e3o tem problema!&nbsp;<\/p>\n\n\n\n<p>A MP Fit abre de segunda \u00e0 sexta-feira das 6h30min \u00e0 24h, s\u00e1bado das 8h \u00e0s 20h, domingo das 15h \u00e0s 17h e feriados das 16h at\u00e9 as 19h.<br>Mais um diferencial do Hotel Portal para deixar ainda melhor sua estadia em nossos hot\u00e9is!\u00a0<\/p>\n\n\n\n<p>Dispon\u00edvel 1 voucher por apartamento por di\u00e1ria.<\/p>\n\n\n\n<p>Para maiores informa\u00e7\u00f5es e reservas.<br>(55) 3242 9300<\/p>\n\n\n\n<figure class=\"wp-block-image size-large\"><img decoding=\"async\" src=\"http:\/\/www.verdeplaza.com.br\/hotelemlivramento\/wp-content\/uploads\/2019\/12\/grupo-fotos-academia.jpg\" alt=\"\" class=\"wp-image-493\"\/><\/figure>\n","protected":false},"excerpt":{"rendered":"<p>O Hotel Portal e a academia MP Fit t\u00eam uma super novidade para voc\u00ea!\u00a0 Vai passar alguns dias na Fronteira e se hospedar em um dos hot\u00e9is do grupo e n\u00e3o quer deixar de lado sua rotina de exerc\u00edcios? Agora o Hotel Portal, em parceria com a melhor academia da fronteira, a\u00a0Academia MP Fit, disponibiliza [&hellip;]<\/p>\n","protected":false},"author":1,"featured_media":0,"parent":0,"menu_order":0,"comment_status":"closed","ping_status":"closed","template":"","meta":{"_monsterinsights_skip_tracking":false,"_monsterinsights_sitenote_active":false,"_monsterinsights_sitenote_note":"","_monsterinsights_sitenote_category":0,"footnotes":""},"class_list":["post-333","page","type-page","status-publish","hentry"],"aioseo_notices":[],"_links":{"self":[{"href":"https:\/\/portalhotel.com.br\/hospedagem\/wp-json\/wp\/v2\/pages\/333","targetHints":{"allow":["GET"]}}],"collection":[{"href":"https:\/\/portalhotel.com.br\/hospedagem\/wp-json\/wp\/v2\/pages"}],"about":[{"href":"https:\/\/portalhotel.com.br\/hospedagem\/wp-json\/wp\/v2\/types\/page"}],"author":[{"embeddable":true,"href":"https:\/\/portalhotel.com.br\/hospedagem\/wp-json\/wp\/v2\/users\/1"}],"replies":[{"embeddable":true,"href":"https:\/\/portalhotel.com.br\/hospedagem\/wp-json\/wp\/v2\/comments?post=333"}],"version-history":[{"count":1,"href":"https:\/\/portalhotel.com.br\/hospedagem\/wp-json\/wp\/v2\/pages\/333\/revisions"}],"predecessor-version":[{"id":1209,"href":"https:\/\/portalhotel.com.br\/hospedagem\/wp-json\/wp\/v2\/pages\/333\/revisions\/1209"}],"wp:attachment":[{"href":"https:\/\/portalhotel.com.br\/hospedagem\/wp-json\/wp\/v2\/media?parent=333"}],"curies":[{"name":"wp","href":"https:\/\/api.w.org\/{rel}","templated":true}]}}